08 + 65973. Suppose -14*h = 5*z - 9*h - 50665, -x = -5*z + h. Is z prime?
True
Is ((-23954)/87)/(4/(-6)) composite?
True
Suppose -19342 = -3*v + r, 0 = -2*v + 3*r + 3861 + 9043. Suppose 1023*b - 1021*b - v = 0. Is b prime?
False
Let a = -340 - -315. Let u(k) = k**2 + 3*k + 133. Is u(a) prime?
True
Is ((-6)/(-4))/(-23 + 3209769/139554) a composite number?
False
Let y(p) = -41*p**3 + 18*p**2 - 21*p - 125. Is y(-17) prime?
False
Suppose -5*o + 32291 = -198*j + 199*j, -3*j = -4*o + 25829. Is o a prime number?
False
Let i(o) = 87*o**2 + 5*o + 8. Let n(a) = -a. Let b(x) = -260*x**2 - 15*x - 25. Let f(t) = b(t) + n(t). Let g(v) = -3*f(v) - 8*i(v). Is g(-2) prime?
True
Let q(w) = -4569*w + 2809. Is q(-16) prime?
True
Suppose 4 = -2*l, -z + 3*l + 2931 = -0*l. Suppose n = -2*c + 3813 + z, n - 3*c - 6748 = 0. Is n composite?
True
Let d be (240/(-75))/(612/(-610) + 1). Let w = 1933 + d. Is w prime?
True
Let g be (7 - 6)/((-3)/(-12)). Suppose -3*a = 5*p - g*a - 631, 0 = 3*a - 12. Is p composite?
False
Is ((-19490)/3 - -1)/(163/(-489)) composite?
True
Is -6 - -1533 - (3 + -2 + 3) a prime number?
True
Let u(y) = y**3 + 205*y**2 + 87*y - 31. Is u(-22) prime?
True
Suppose -16*n - 53892 = -18*n + 70762. Is n a composite number?
False
Let s = 3 + -1. Suppose -3*g - k = -4*k + 6, k = -2*g + s. Let b(n) = 6*n + 187. Is b(g) composite?
True
Let d(h) = h**3 - 2*h**2 + h - 4. Let a be d(3). Suppose -3*s + a = s. Suppose 7*o - s = 6*o, -5*t - 3*o + 2431 = 0. Is t prime?
False
Suppose 0 = 2*k - 4*z - 17710, -z + 17695 = -k + 3*k. Suppose -10*t + 11*t = k. Suppose t = 6*y - 8785. Is y prime?
True
Let h(q) = -3*q - 16. Let k be h(-6). Suppose k*d = 4*z - 2, -7 - 8 = -3*d. Is (-9544)/(-24) + (-2)/z a prime number?
True
Let j(y) = y - y**2 + 5 + 53 + 3 - 52*y. Is j(-30) composite?
False
Let r(t) = -133*t - 47. Let c be (-11)/(-4) - 6/8. Suppose -22 = c*w - 10. Is r(w) prime?
True
Suppose 5*q + 3*u = 772, -3 + 2 = u. Let i = -1188 + 1264. Let x = q - i. Is x a composite number?
False
Suppose 3*d = -2*i + 1619555 + 37276, 4*d + i - 2209123 = 0. Is d a composite number?
False
Let p = -26 - -55. Suppose 5*z - p - 56 = -5*c, 58 = 4*c + 2*z. Is (c/3 + -5)/(1/(-157)) prime?
True
Suppose -3*w + 583062 = 3*u, 53*u - 51*u - 388723 = 3*w. Is u a prime number?
False
Let q = -27 + 51. Let c(w) = 4 + 4*w**3 - 3 - 24*w + q*w. Is c(3) a prime number?
True
Let h be (-24)/10*510/(-306). Suppose 0 = 3*d + h*m - 5519, 3*d - 3121 = 4*m + 2406. Is d a composite number?
True
Let r(g) = -5 - 1 - 15*g**2 + 9*g**3 - 11*g - 2. Let l(q) = 5*q**3 - 7*q**2 - 6*q - 4. Let u(c) = 5*l(c) - 3*r(c). Is u(5) a prime number?
True
Suppose -3*w - 54 = 18. Let i be w/(-56) - (-7425)/21. Let t = i + -231. Is t a prime number?
False
Suppose 2*i - 4 = -3*p, -2*p + 4 = 2*i - 2. Is (-2 + 1225)*(9 - i)/4 prime?
True
Suppose -253 = 3*m - 4*u, -383 - 24 = 5*m - 3*u. Let n = m + 81. Suppose -5*f - 611 = -l, n*l = 3*f + 1714 - 464. Is l a prime number?
True
Let d(b) = -219*b + 2790707. Is d(0) prime?
True
Let x = -6 + 8. Suppose 0 = x*y - 3*s - 11, 2*s + 3 = -3*y - 0*y. Is 443 + (y - (2 + -1)) composite?
False
Suppose 8*x + 129 = 161. Suppose l - 44737 = x*y - 12780, -127828 = -4*l - 3*y. Is l a composite number?
False
Suppose 110*o = 5051634 - 734024. Is o prime?
True
Suppose 4*b + 3*r = -0*r + 313236, -3*b = 4*r - 234927. Let w = b + -54664. Is w a composite number?
True
Let v(n) = -n. Let z(q) = -1468*q. Let f = 2 - 3. Let w(u) = f*z(u) + 1101*v(u). Is w(1) prime?
True
Let s be (-13 + 1)/(-16 + 15). Let b be (5 - 2)*56/s. Is 2*1*(1 + 31437/b) composite?
False
Let z = -150 + 199. Is (-10)/35 + 428029/z a prime number?
False
Suppose -18*v + 335 = 49*v. Suppose v*u + 2*b - 143361 = 0, 4*u - 2*b = b + 114698. Is u a composite number?
True
Suppose -234*j + 238*j = 20. Suppose 14*i - 8191 = 12*i + 3*a, j*a + 15 = 0. Is i a prime number?
True
Let x be (1*5/(-2))/((-7)/14). Is 199*6/30*x a composite number?
False
Let v = -220106 + 379887. Is v a prime number?
False
Suppose -22*i + 58 = 278. Suppose -2*r + 387 = -329. Is r/(-3 + (-34)/i) prime?
False
Is -119*(-45237)/39 + 13 + 167/(-13) a prime number?
False
Let q = 49757 + -19206. Is q a prime number?
False
Let g(v) = -v - 1. Let b(m) = 2 - 141*m + 1 + 5. Let j(r) = b(r) + 5*g(r). Is j(-1) a composite number?
False
Let x(w) = -8*w - 324. Let u be x(-40). Is (u/16)/(2/(-96088)) a composite number?
False
Let t be (-3)/(-1*(-5)/(-5)). Suppose -5*l - 5*m = -9665, t*l - 5277 - 518 = -m. Is l prime?
True
Suppose 7*y - 48 = 3*y. Let b be (-38)/14 - 2/7 - y. Let t = b + 2168. Is t a prime number?
True
Suppose 0 = -3*w + 14482 + 4634. Suppose 2*h + d = 3192, h - d - w = -3*h. Is h prime?
False
Let s(t) = 343*t**3 + t**2 + 57*t - 225. Is s(4) composite?
True
Let u = -418 - -412. Let l(g) = 16 + 6*g + 12*g**2 - 3*g**2 + g. Is l(u) a prime number?
False
Suppose 0 = 4*l - 2*k + 3 - 1, -2*k - 6 = 0. Let y be l/4*-1*(-27 - -29). Is y + 3 - (-625 + -2) a composite number?
False
Suppose -205*j = -209*j - 4*x + 62920, 4*j = -x + 62932. Is j a prime number?
False
Let f = 15100 + 6318. Is f a prime number?
False
Suppose 14 = 5*j - 11. Let z be 1 - (5 + -4 + -5). Suppose -2*i = j*v - 3143, -4781 + 12556 = z*i - 4*v. Is i a prime number?
True
Let r = -227 - -233. Is (8596/r)/((-8)/(-12))*1 a composite number?
True
Suppose 4*s + 4*v - 382828 = 0, 249*v + 382810 = 4*s + 250*v. Is s composite?
False
Suppose 24*u - 488820 = -36*u. Is u a composite number?
False
Let s(v) = 2*v - 10. Let j be s(5). Suppose j = -5*n + 96 - 4071. Let b = n - -2008. Is b a prime number?
True
Let o(h) = 692*h**3 - 3*h**2 + 5*h - 3. Let n(s) = 0 - 93*s - 2*s**3 + 76*s + 6*s**2 + 3*s**3 - 7. Let d be n(-8). Is o(d) composite?
False
Let p = -3 - -7. Let n(u) = 105*u + 26 - 87 + 13 + 1 - 38*u. Is n(p) a prime number?
False
Let m(a) = 658*a**2 + 78*a - 2233. Is m(27) composite?
True
Let g = 319 - 250. Suppose g*k - 13827 = 66*k. Is k prime?
False
Let d = 290054 + -107607. Is d a composite number?
True
Let r(s) = -s**3 + 28*s**2 - 7*s + 11. Let z be 3*(-9 + 80/6). Is r(z) a prime number?
False
Suppose w = 2*a - 27837, -5*w - 139200 = a + 4*a. Is (-54)/(-297) - w/11 composite?
False
Suppose 16988133 = 103*d - 12323504. Is d a prime number?
False
Let l = 40381 - 4504. Is l a composite number?
True
Suppose 133*d - 152*d + 2188477 = 0. Is d prime?
True
Let b(m) = 16*m**2 + 106*m - 361. Is b(63) composite?
False
Let x(d) = 3*d**3 - 8*d**2 - 5*d + 5. Let f be x(3). Let y(u) = 9198*u**2 - u - 2. Is y(f) prime?
False
Let y(w) = w**2 - 7*w - 26. Let z be y(11). Let t be (-1)/3 + (5 - 138/z). Let c(o) = 20*o**2 - 10*o + 4. Is c(t) prime?
False
Let t(k) = -349*k**3 - 8*k**2 - 30*k - 16. Is t(-9) a composite number?
False
Is (6 - 7 - (-6980912)/5) + (-2168)/(-1355) prime?
True
Let k(s) = 7271*s**2 - 14 + 17 - 4*s + 508*s**2 + 1660*s**2. Let d be k(1). Suppose d - 2233 = 5*h. Is h composite?
True
Let j(k) = -5182*k + 1769. Is j(-19) composite?
True
Let y(a) = -4*a**3 + 324*a**2 - 331*a + 29. Is y(78) prime?
False
Suppose 10 = -46*i + 51*i, 106 = 3*d + 2*i. Suppose -d*m + 24*m + 25090 = 0. Is m a prime number?
False
Let s(n) = 1371*n - 1. Let j be s(-4). Let p = -125 - -145. Is (1 + 0)/(-4) - j/p a prime number?
False
Suppose 1693 = 102*a - 101*a. Is a a composite number?
False
Let a be 48/168 - 113496/(-7). Suppose -17*g - 5*g = -a. Is g a composite number?
True
Let a(j) = 49*j**3 - 2*j**2 + 3*j + 2. Let q be a(-5). Let s = 2943 + q. Let p = 5224 + s. Is p composite?
False
Suppose s = l + 18, l + 78 = 5*s + 2*l. Let c(p) = p**3 - 16*p**2 - 3*p + 33. Let y be c(s). Is ((-52352)/(-6))/4 - (-5)/y a prime number?
False
Let x = -13263 + 33352. Is x prime?
True
Let m(l) = -l**2 - 3*l + 40. Let q be m(5). Suppose q = 2*p - 3500 - 1314. Is p composite?
True
Let b(g) be the second derivative of -g**5/40 + 5*g**4/24 + 8*g**3/3 + 9*g. Let a(i) be the second derivative of b(i). Is a(-11) prime?
False
Let a(k) = -6*k + 2. Let n be a(0). Let l(g) = 54*g**3 - 4*g**2 + 3*g. Is l(n) a prime number?
False
Let z be 432/16 + (-1 - 1). Suppose 16561 = z*n - 3664. Is n prime?
True
Let f(y) = 3*y**2 + 19*y - 18. Let c be f(1). Is (52604/(-16))/((-1)/c) a composite number?
False
Let l(w) = -w + 43. Suppose -3*m - 99 = -69. Is l(m) a prime number?
True
Let p(l) =